be the first derivative of q**2/2 - 6*q + 426. Determine j(12).
6
Let h(u) = -30*u + 51*u - 14*u - 27*u. Calculate h(-1).
20
Let z = 164 + -87. Let q = -85 + z. Let b(j) = 2*j + 7. Give b(q).
-9
Let a = -21 + 22. Let r be 5/10*(5 - a). Let s(c) = -2*c + 5 - 2*c + r + 3*c. Calculate s(5).
2
Let c(z) = 32 - 3*z - 4*z**3 - 34 - 2*z**3. Calculate c(-1).
7
Let z(g) = 4*g**3 - 4*g**2 - 5*g. Let v(d) = -7*d**3 + 7*d**2 + 9*d. Let a(x) = -3*v(x) - 5*z(x). Give a(2).
0
Let b(x) = -31*x**2. Suppose -6*p = 19*p + 25. What is b(p)?
-31
Let g(n) be the first derivative of 0*n - 1/4*n**4 + 19 - 10/3*n**3 - 1/2*n**2. Give g(-10).
10
Let b(o) = o**2 + 16*o + 22. Let w be b(-15). Let p = -7 + w. Let z be -1 + p + -1 + 1. Let v(d) = -12*d**2 - d. Calculate v(z).
-11
Let s(x) = x**3 - 4*x**2 - 4*x + 6. Let i be ((-3)/((-9)/(-8)))/(2/(-3)). Calculate s(i).
-10
Let n(w) = -w**2 + 5*w + 6. Let i = 37 - 32. Let x be n(i). Let r(v) = 3*v**3 + 6*v**2 + v**3 + x*v - 2*v**3 - v**3 - 2. Give r(-5).
-7
Let c(u) = -2*u + 1. Let v(p) = -14*p - 19. Let z(m) = -4*c(m) + v(m). Give z(-4).
1
Let r(f) = 5*f - 12. Let p(v) = -3*v + 5. Let w(z) = -7*p(z) - 4*r(z). Give w(-3).
10
Let j(i) = 3*i**2 - 15*i - 4. Let o(z) = 2*z**2 - 8*z - 2. Let f(u) = -3*j(u) + 5*o(u). Let a be f(-2). Let l(x) = x**2 + 3*x - 1. Give l(a).
3
Let m(i) = 26*i. Let c be m(1). Let j = 24 - c. Let n(r) be the third derivative of -r**5/60 + r**2. What is n(j)?
-4
Let z(v) = -6*v - 1. Suppose 7*s - 54 = -47. Give z(s).
-7
Suppose r + 4*k = 15, -3*r - 2*r + 5*k = 0. Let s(u) = -5*u + r - 5*u - 4 + 9*u. Let f(h) = -h**2 - 4*h + 3. Let g be f(-5). Give s(g).
1
Let p(w) = 6*w - 19. Let h(i) = 10*i - 28. Let y(s) = 5*h(s) - 7*p(s). Calculate y(2).
9
Let g = -575 + 572. Let p(c) = -4*c**2 - c + 5. Determine p(g).
-28
Let l(w) be the third derivative of -w**5/60 + w**4/8 + 7*w**3/6 - 3*w**2 + 148*w. Calculate l(3).
7
Suppose -2*g = 5*j + 10, j - 2*j - g = 2. Let l be (-5 + -1)/(-2 + 0). Let k(q) = 2*q**l + 9*q**2 - 35 + 35 - 7*q**2. Give k(j).
-8
Let t(c) = -c**3 - 18*c**2 - 17*c + 24. Let m be t(-17). Let a(u) = -7 + 4 + 2*u - m*u**2 + u**3 + 17*u**2. Calculate a(7).
11
Let h(l) = -l**2 - 13*l + 73. Suppose 16*p = -41 - 231. Give h(p).
5
Let x = -128 + 121. Let f(i) = -i**3 - 8*i**2 - 7*i + 7. Determine f(x).
7
Let h(b) = -b**3 + 5*b**2 + 5*b + 1. Suppose -43*q = -49*q + 36. What is h(q)?
-5
Let i(v) = -v**2 + 9*v + 11. Let f be i(10). Let q be (2/(-3))/(f/3). Let d be (3/2)/((-1)/q). Let z(k) = -2*k**2 + 5*k - 2. Give z(d).
-5
Let x(z) be the second derivative of 2*z**3/3 - z**2 - 94*z. Suppose y + y - 10 = 0. Give x(y).
18
Let q(f) be the second derivative of f**3/6 + 3*f**2 - f. Let a(b) = -b**2 + 20. Let k be a(4). Let j be (-2)/k + 15/(-6). Give q(j).
3
Let d(v) = v + 26. Suppose 200 = -41*o - 251. Give d(o).
15
Let w(f) be the second derivative of -f**4/12 - 2*f**3/3 - 18*f - 2. Calculate w(-3).
3
Let c(o) = o**2 - 3*o - 6. Let m = -288 - -295. Give c(m).
22
Let k(f) = -22*f + 1. Let a = 209 + -210. Give k(a).
23
Suppose 0 = -5*x + 5 + 10. Let h(d) = -3*d. Let f(k) = -4*k + 3. Let l(c) = f(c) - h(c). What is l(x)?
0
Let y be ((-8)/(-10))/((-2)/20). Let o(x) be the first derivative of -x**3/3 - 4*x**2 + x - 278. What is o(y)?
1
Let d(m) = m**2 - 40*m - 225. Let w be d(45). Let v(t) = t**2 + t - 9. Determine v(w).
-9
Let a = -108 + 115. Let c(d) = 16*d + a - 17*d - 2. Give c(8).
-3
Let n be (-3234)/(-203) + -12 + (-6)/(-87)*1. Suppose -5*v + 8 = -s, 5*v - 3*s = -2 + 6. Let f(q) = 2*q**2 + 5 - q**3 + 0*q**2 + 2*q**v. Calculate f(n).
5
Let t(w) = w**3 - 2*w**2 - 5*w + 9. Let b(n) = -n**3 + 3*n**2 + 6*n - 9. Let f(r) = -3*b(r) - 2*t(r). Give f(6).
-3
Let y(m) = -2*m + 1698 - 1698. Give y(0).
0
Let h(a) = 2*a - 2. Let l be (77/(-14) + 3)*24/(-10). Calculate h(l).
10
Let b(o) be the third derivative of -o**6/120 - 3*o**5/20 - o**4/24 - 17*o**3/6 - 987*o**2. Calculate b(-9).
-8
Suppose 16*k = 221 - 29. Let i(u) = -u + 17. What is i(k)?
5
Let o(j) be the first derivative of 7 - j + 1/6*j**3 - 3*j**2. Let b(s) be the first derivative of o(s). Calculate b(0).
-6
Let k(z) = -9*z**3 - z**2 - z. Suppose g + g = 0. Let t be 3 + (-10)/2 + g. Let s be (t/(-2))/(-1 - 0). Determine k(s).
9
Let b(i) = -10*i - 2. Suppose -155*g + 159*g + 12 = 0. Calculate b(g).
28
Let q(y) be the third derivative of -y**6/120 - y**5/30 + y**4/6 - y**3/2 - 6*y**2 - 165*y. Suppose f = 5, -27 = 3*p - 5*f + 2*f. Calculate q(p).
13
Let r = -59 + 58. Let w be (r - -4) + 14/2*-1. Let b(c) = -4*c - 1. Determine b(w).
15
Let t(c) be the second derivative of c**3/6 - 3*c**2 - 11*c + 13. Calculate t(-8).
-14
Suppose 0 = -2*u - 4*h + 147 - 47, 4*u + 5*h = 194. Let f = u + -48. Let r(v) = -2*v**3 - 2*v**2 + 2*v. Give r(f).
4
Let f(n) = -2*n**2 - 4 - n**3 + 3*n + 4*n**2 + 0. Suppose 0 = -75*w + 76*w - 5. Suppose 0 = -w*p + 9 + 6. Give f(p).
-4
Let s(x) = x**3 + 4*x**2 + 6. Suppose 63*h - 16 = -331. What is s(h)?
-19
Let y(t) = 11 - 5*t + 2*t + 2*t - 3. Let f be y(4). Let w(j) = -2 - 4*j**2 + j**3 - j + 2*j + 3. Determine w(f).
5
Let o = 72 + -53. Let d(a) = -a**3 + o*a - 18*a - 1 - a**2 + 4*a**2. What is d(3)?
2
Let f = 290 - 296. Let b(w) be the second derivative of -w**4/12 - 7*w**3/6 - 5*w**2/2 + 2*w. What is b(f)?
1
Suppose 13 = -17*r + 47. Let s(h) = -r + 15 - h**2 + 7. Determine s(0).
20
Let y(l) = l**3 + 6*l**2 + 5*l - 3. Let v be y(-5). Let z(r) = -4*r**2 + 4 + 3*r + r**2 + 4*r - 6*r - r**3 + 0*r**2. Calculate z(v).
1
Let x(n) = 7 - 1 - 2 - 2*n**2 + 7*n + 3*n**2. Let r(t) = -t**2 + 0*t**2 + 9*t + 14 + t**2 + t**2. Let w be r(-6). Determine x(w).
-8
Let s(q) = -q**2 - 3*q + 8. Suppose -8*m + 351 = 407. Calculate s(m).
-20
Suppose -4 = -0*q - 2*q. Let x be q/(-5) - (-77)/55. Let g(j) = 3*j + 4. Let a(y) = -4*y - 5. Let o(r) = 4*a(r) + 5*g(r). Give o(x).
-1
Let i(b) = -9*b**2 + b. Let g(f) = -5*f**2. Let t(j) = 7*g(j) - 4*i(j). Determine t(5).
5
Let l be (2*3/(-9))/((-1)/(-6)). Let g(c) = c**2 + 8*c - 3. Let m(u) = -3*u**2 - 23*u + 9. Let o(z) = 8*g(z) + 3*m(z). Calculate o(l).
7
Let c = -1 + -2. Let y(g) = -100*g**3 - 5*g - 4 + 99*g**3 + 0 - 4*g**2. Give y(c).
2
Let l = 0 + 5. Let d(v) = -v + 4. Calculate d(l).
-1
Let d(m) = m + 2*m + 6 + 0*m. Suppose 0 = 5*p - f - 122, 0*p - 2*p = 5*f - 65. Let w = 21 - p. What is d(w)?
-6
Let k(b) = b**2 - b. Let r be (2 + 12)*2/(-4). Let y = -4 - r. Let j be 0*(-5 - -2)/y. What is k(j)?
0
Let f = 310 - 300. Let q(w) be the second derivative of w**4/12 - 11*w**3/6 + 5*w**2 + 8*w. Give q(f).
0
Let k(s) = -s - 2. Let f(l) = -l**3 - 8*l**2 - 3*l - 13. Let p be f(-8). Suppose -4 = -2*z, -3*z + p = d + z. Determine k(d).
-5
Let j(q) be the first derivative of q**2 - 7*q + 51. Give j(4).
1
Let j(o) = -21 + 12 - o**2 + o + 4. Calculate j(-4).
-25
Suppose z - 3*z = -4. Let q = 10 + -9. Let t be 4 + q + z/(-2). Let c(a) = a**2 - 6*a + 2. Calculate c(t).
-6
Let i = -33 - -26. Let b(f) = -f - 5. Give b(i).
2
Let r(l) = -l + 7. Let g(z) = 2*z + 2. Let p be (-3 - -5)*(-1)/2. Let w be g(p). What is r(w)?
7
Let t(q) be the second derivative of -q**5/20 + 7*q**4/12 + q**3/2 + 4*q**2 - 41*q - 1. Calculate t(7).
29
Let z(w) be the second derivative of w**4/12 - 2*w**3 + 5*w**2 - 2*w. Let x be z(11). Let r(q) be the second derivative of q**3/2 - q**2/2 - 29*q. What is r(x)?
-4
Let m(l) = 5*l + 5. Let d(v) = 5*v - 8. Let a be d(3). Let y(k) = -k + 3. Let j be y(a). Calculate m(j).
-15
Let t(y) = -3*y - 3. Let k be t(-3). Let r(u) = u**3 + 10*u**2 - 12*u - 4. Let f be r(-11). Let s(l) = 23 - f*l - 23 - 2*l**3 + 7*l**2 + l**3. Calculate s(k).
-6
Let m = 66 - -6. Suppose o + 3 = 5*s, -7*o - 4*s = -2*o - m. Let u be o*(2 + 7/(-4)). Let a(i) = i**2 - i. Give a(u).
6
Suppose -3*v = -15, 2*n + 0*v + 4*v - 34 = 0. Suppose -5 = 2*a + n. Let d(w) = 5*w - 2*w + 18147 - 18138. Calculate d(a).
-9
Let p(l) = 3*l - 7. Let t be p(3). Let i(u) = 0*u**2 - u - 4*u**2 + 3*u**2 + 5*u - 3. Give i(t).
1
Let k = -30 + 35. Suppose 0 = k*g + 71 + 49. Let w = -23 - g. Let i(d) = 7*d**2 - d. Determine i(w).
6
Let m = 107 - 637/6. Let l(x) be the third derivative of 0 + 0*x - 6*x**2 + 1/8*x**4 - m*x**3. Determine l(5).
10
Let w(o) = 9*o - 17. Let j(u) = -5*u + 9. Let d(h) = 11*j(h) + 6*w(h). Let t = 65 - 59. Give d(t).
-9
Let p = -17 + 17. Let v(m) = -202 + 203 